{"id":19,"date":"2025-12-22T13:07:08","date_gmt":"2025-12-22T13:07:08","guid":{"rendered":"https:\/\/www.amnisani.de\/?page_id=19"},"modified":"2025-12-22T13:07:08","modified_gmt":"2025-12-22T13:07:08","slug":"impressum","status":"publish","type":"page","link":"https:\/\/www.amnisani.de\/index.php\/impressum\/","title":{"rendered":"Impressum"},"content":{"rendered":"<p>Amnnisani GmbH<br \/>\nGesch\u00e4ftsf\u00fchrerin: Claudia A. Pfeiffer<\/p>\n<p>Verantwortliche Redakteurin im Sinne des Pressegesetzes: Claudia A. Pfeiffer<\/p>\n<p>Lenaustr. 1, 66125 Saarbr\u00fccken<\/p>\n<p>Mail: hallo@amnisani.de<\/p>\n<p>Tel 06897 95 23 075<\/p>\n<p>USt. ID DE457516194<\/p>\n<p>Amtsgericht Saarbr\u00fccken, HRB 111608<\/p>\n<p>Unser ISBN Verlags Pr\u00e4fix: 978-3-9813885<\/p>\n<p>Die Amnisani GmbH ist Mitglied im B\u00f6rsenverein des Deutschen Buchhandels. Unsere Verkehrsnummer: 13736<\/p>\n","protected":false},"excerpt":{"rendered":"<p>Amnnisani GmbH Gesch\u00e4ftsf\u00fchrerin: Claudia A. Pfeiffer Verantwortliche Redakteurin im Sinne des Pressegesetzes: Claudia A. Pfeiffer Lenaustr. 1, 66125 Saarbr\u00fccken Mail: hallo@amnisani.de Tel 06897 95 23 075 USt. ID DE457516194 Amtsgericht Saarbr\u00fccken, HRB 111608 Unser ISBN Verlags Pr\u00e4fix: 978-3-9813885 Die Amnisani GmbH ist Mitglied im B\u00f6rsenverein des Deutschen Buchhandels. Unsere Verkehrsnummer: 13736<\/p>\n","protected":false},"author":1,"featured_media":0,"parent":0,"menu_order":0,"comment_status":"closed","ping_status":"closed","template":"","meta":{"footnotes":""},"class_list":["post-19","page","type-page","status-publish","hentry"],"_links":{"self":[{"href":"https:\/\/www.amnisani.de\/index.php\/wp-json\/wp\/v2\/pages\/19","targetHints":{"allow":["GET"]}}],"collection":[{"href":"https:\/\/www.amnisani.de\/index.php\/wp-json\/wp\/v2\/pages"}],"about":[{"href":"https:\/\/www.amnisani.de\/index.php\/wp-json\/wp\/v2\/types\/page"}],"author":[{"embeddable":true,"href":"https:\/\/www.amnisani.de\/index.php\/wp-json\/wp\/v2\/users\/1"}],"replies":[{"embeddable":true,"href":"https:\/\/www.amnisani.de\/index.php\/wp-json\/wp\/v2\/comments?post=19"}],"version-history":[{"count":1,"href":"https:\/\/www.amnisani.de\/index.php\/wp-json\/wp\/v2\/pages\/19\/revisions"}],"predecessor-version":[{"id":20,"href":"https:\/\/www.amnisani.de\/index.php\/wp-json\/wp\/v2\/pages\/19\/revisions\/20"}],"wp:attachment":[{"href":"https:\/\/www.amnisani.de\/index.php\/wp-json\/wp\/v2\/media?parent=19"}],"curies":[{"name":"wp","href":"https:\/\/api.w.org\/{rel}","templated":true}]}}